by (g/(-2))/(3/6)?
3
Suppose -2*d - d + 463 = 5*n, -5*d - 495 = -5*n. What is the remainder when n is divided by 24?
23
Let o = 6 + -8. Let j be 2/o + (-2 - 7). Let s = -5 - j. What is the remainder when s is divided by 2?
1
Calculate the remainder when 29 is divided by (-14 - 2)/(2 - 4).
5
Suppose 6*t = 4*c + t - 112, 16 = -4*t. What is the remainder when c is divided by 13?
10
Let t(l) = -l + 1. Let o be t(-2). Suppose -24 = -b + 3*s, 4*b = o*b + 5*s + 24. What is the remainder when b is divided by 7?
3
Suppose 3*g + 11 = 41. What is the remainder when 19 is divided by g?
9
Let c = 67 + -35. Let m = c + -15. What is the remainder when m is divided by 5?
2
Suppose -4*w - 48 = 4*v, -5*w + 4*v = 45 + 24. Calculate the remainder when (-6)/12 + w/(-2) is divided by 4.
2
Suppose -8*r - 60 = -12*r. What is the remainder when 42 is divided by r?
12
Suppose 104 = 2*o + 5*s, 4*s + 122 = 3*o - o. Calculate the remainder when o is divided by (-1)/2 + (-31)/(-2).
12
Let s = 45 - 28. Suppose -5*j + 33 = -3*m, s = -4*j + 3*m + 44. Let i(l) = 4*l - 2. What is the remainder when i(3) is divided by j?
4
Let m(r) = -15*r + 2. Calculate the remainder when m(-2) is divided by 7.
4
Let y(z) = 3*z - 1. Let x be y(1). Suppose -6 = -x*p - 2*q, 2 - 28 = -2*p + 3*q. What is the remainder when (-1)/2*4 - -15 is divided by p?
6
Suppose 420 = 4*o + 6*o. Calculate the remainder when o is divided by 11.
9
Let m = -2 + 3. Let c(v) = 20*v - 4 + 2 + m. Calculate the remainder when c(2) is divided by 20.
19
Suppose 4*x - 6*a - 82 = -a, 3*x - 79 = -5*a. Let f = -16 + x. Let g(l) = 3*l + 5. Calculate the remainder when g(f) is divided by 9.
8
What is the remainder when 59 - ((-28)/(-4) + -3) is divided by 15?
10
Calculate the remainder when 29 is divided by (-2 - 1)*(-12 - -7).
14
Calculate the remainder when -7*(3 - 2)/(3/(-21)) is divided by 13.
10
Let z(a) = 6*a - 11. Calculate the remainder when z(5) is divided by 11.
8
Let m(x) = 16*x**2 - 3*x + 1. Suppose -4*f = -2*d - 3*d - 33, -3*d = f - 21. What is the remainder when m(2) is divided by f?
11
Let t = 76 + -38. What is the remainder when t is divided by 21?
17
Calculate the remainder when 5/10*2*22*3 is divided by 24.
18
Suppose -2*o + 57 = 4*g + 1, 5 = g - 4*o. Suppose 0 = -q - 3*q - 4. What is the remainder when g is divided by (-10)/4*(q - 1)?
3
Let r(i) = 2*i**2 - 2*i - 17. What is the remainder when r(-5) is divided by 17?
9
Let p(m) be the second derivative of -3*m**3/2 + m**2/2 + 2*m. Calculate the remainder when 28 is divided by p(-1).
8
Suppose -64 = -4*w + 4*v, -w - 4*v = -v. Let n(x) = -7*x. Calculate the remainder when n(-5) is divided by w.
11
Suppose 0 = 5*k - 2*k - 129. Let x = -10 - -12. Suppose z + k = m, -x*z = -3*m + 3*z + 121. Calculate the remainder when m is divided by 16.
15
Let h = -14 + 23. Suppose -4*q = 8, -3*q + 4*q - 46 = -2*k. Calculate the remainder when k is divided by h.
6
Suppose 15*q - 12 = 13*q. Suppose 2*n = -2*n. Suppose n = -3*o - o + 40. Calculate the remainder when o is divided by q.
4
Let a(q) = -q**2 + q + 42. What is the remainder when 37 is divided by a(6)?
1
Suppose 5*n - 2*m - 75 = 34, -2*n + 34 = -4*m. Calculate the remainder when 44 is divided by n.
21
Suppose -4*l - 4 = 4. Suppose k = -2*k + 3. What is the remainder when (k + 18)*(l - -3) is divided by 7?
5
Let q = 115 - 104. Calculate the remainder when 18 is divided by q.
7
Suppose 0 = 47*w - 48*w + 83. Calculate the remainder when w is divided by 29.
25
Let n(i) = i**3 + 12*i**2 + 9*i - 15. Let q be n(-11). Suppose -q*v + 5*v = -122. Calculate the remainder when v is divided by 21.
19
Let g(b) = b**2 - 5*b - 4. Suppose -3*o + 3*j = 0, 9 = -o - j + 3. Let q = -17 + 24. Calculate the remainder when g(o) is divided by q.
6
Suppose 0*f - 5*f + 30 = 0. What is the remainder when f is divided by 3?
0
Let k = -24 - -44. Suppose 0 = 2*i - 0*i - k. Calculate the remainder when 39 is divided by i.
9
Suppose -v + 0*v - 5 = 0. Calculate the remainder when (-88)/(-2) + (v - -3) is divided by 11.
9
Let w be 1/(-3) - (-44)/(-12). Let y(g) = 3*g**2 + 2*g - 4. What is the remainder when y(w) is divided by 13?
10
Let z = 60 + -54. Let m = 6 - -15. What is the remainder when m is divided by z?
3
Suppose -41 = -2*u + 11. What is the remainder when 48 is divided by u?
22
Calculate the remainder when 58 is divided by 20/6*144/32.
13
Let z = -7 - -10. Suppose -64 - 32 = -z*d. Suppose -2*s - 5*b = -0*b - 49, 63 = 3*s + 4*b. What is the remainder when d is divided by s?
15
Let m(i) = i + 11. Let s be m(-6). Suppose s*j = 121 - 1. Calculate the remainder when 69 is divided by j.
21
Let m(r) = 2*r**2 + r. Let w be m(1). Suppose -244 = -w*b - b. Calculate the remainder when b is divided by 21.
19
Let m(x) = -x**2 + 5*x - 3. What is the remainder when -1 - -1 - (-10)/1 is divided by m(2)?
1
Let a(s) = s**3 - 9*s**2 + 11*s - 12. Let f be -16*(-1)/(-2 - -4). Suppose -3*x = 3*m - 54, x + 49 + 25 = 3*m. What is the remainder when m is divided by a(f)?
11
Let l = 60 - 41. Suppose l = -2*a + 91. What is the remainder when a is divided by 13?
10
Let k be 2/(0 + -2 + 1). What is the remainder when 49 is divided by 0 + k - 1*-19?
15
Let u = 161 - 94. Calculate the remainder when u is divided by 23.
21
Suppose -4*v = v. Suppose -4*s + s - 4*d + 112 = 0, v = -4*s - 5*d + 150. Calculate the remainder when s is divided by 14.
12
Suppose -58 = -3*y - y - b, -4*b + 52 = 4*y. Let t = -16 + 43. What is the remainder when t is divided by y?
12
Let o = 11 - 6. Let k(x) = x**2 - x - 3. Suppose -5*i = -3*l + 79, 4*l + 2*i - 7*i - 112 = 0. What is the remainder when l is divided by k(o)?
16
Let d be -28 + (-1 - -1) + 3. Let x = d - -39. Calculate the remainder when 53 is divided by x.
11
Suppose 0 = j - 3*j + 8. Suppose j = 3*l - 26. Calculate the remainder when 28 is divided by l.
8
Suppose -4*j - 35 = -9*j - 3*b, -3*b + 19 = j. What is the remainder when 201/7 + j/14 is divided by (120/(-5))/3*-2?
13
Let f = -77 - -113. Let r = 117 - 104. Calculate the remainder when f is divided by r.
10
Let j(a) = -a**3 + 7*a**2 - 11*a + 6. Calculate the remainder when j(4) is divided by 4.
2
Let l(f) = f**3 + 8*f**2 + f - 6. What is the remainder when l(-7) is divided by 13?
10
Let t(y) = y**2 + 4*y - 63. Calculate the remainder when t(12) is divided by 12.
9
Let b = 4 - 0. Suppose -2*t - 9 = -3*t - 2*l, -3*t + b*l + 17 = 0. Calculate the remainder when 19 is divided by t.
5
What is the remainder when (-1)/(-2) - 117/(-2) is divided by 15?
14
Suppose -35 = -3*o - 2*o + l, -5*o = 5*l - 65. Let y(x) = x**3 + 5*x**2 + 4*x + 5. What is the remainder when o is divided by y(-4)?
3
Suppose 3*n - 5*n + 14 = 2*z, -5*z = -2*n - 14. Suppose -4 = z*j - 28. What is the remainder when 10 is divided by j?
4
Suppose -2*c + 4*i = c - 9, -13 = -4*c + 5*i. Let q = 52 + -26. Calculate the remainder when q is divided by c.
5
Suppose 0*u + 2*u - 48 = 0. What is the remainder when 95 is divided by u?
23
Let o = 21 + -54. Let m = o - -46. Calculate the remainder when 38 is divided by m.
12
Suppose -4*r + 12 = -2*z, 2*z - 5 - 3 = -r. Suppose -4*k + 39 = -x, 8*x = -k + 4*x - 3. What is the remainder when k is divided by 6/z - 4/(-2)?
4
Let k(q) = 9*q**3 + 1. Let a = 51 + -23. Calculate the remainder when a is divided by k(1).
8
Suppose -4*v + 7*v - 69 = 0. What is the remainder when 91 is divided by v?
22
Let d(n) = n**2 - 17*n - 33. Calculate the remainder when d(19) is divided by (3/2)/(3/8).
1
Let s = 46 + 14. What is the remainder when s is divided by 21?
18
Suppose 0*a = 5*a - 10. Suppose 53 = 4*b - 5*l, 3*b - 65 = -a*b + 5*l. What is the remainder when b is divided by 7?
5
Let k(n) = -n**2 - 9*n - 2. Let q = 4 - 12. Calculate the remainder when 5/((-1)/6*-3) is divided by k(q).
4
Let q = -7 - -13. Calculate the remainder when q is divided by 4.
2
Let g(v) = v + 4. Suppose 2*s - 8 = 2*p, 5*p - 1 + 16 = 0. Let c = 1 - s. Calculate the remainder when 6 is divided by g(c).
2
Suppose 4*l - 3 + 7 = 0, 3*d = -2*l + 28. Calculate the remainder when d is divided by 5.
0
Suppose 0 = 2*z + 3*s - 20, 3*z - 3*s - 45 = -0*s. What is the remainder when z is divided by 8?
5
Let g(a) = -a**2 - 8*a + 4. Let z be g(-7). Let f(i) = 3*i - 1. Calculate the remainder when -3 + 6 + z/1 is divided by f(3).
6
Suppose 6*s 